ulate l(3).
4
Let g(j) be the third derivative of 1/120*j**6 - 6*j + 1/20*j**5 + 0 - 14*j**2 + 5/24*j**4 + 1/3*j**3. What is g(-3)?
-13
Let l(f) = -71*f**3 - f - 2. Suppose -348 = 423*o - 43 + 118. What is l(o)?
70
Let p(g) = 2*g**3 - 6*g**2 + g + 14. Let x be 2130/284*4/6. Calculate p(x).
119
Let p(u) = u**2 + 8*u - 44. Let o be 2/16 + (-3038)/112 + 14. Determine p(o).
21
Let x(q) be the first derivative of -7*q**2/2 - 2*q + 30. Let d = 4 - 16. Let p = 10 + d. Calculate x(p).
12
Let l(m) be the second derivative of -m**4/12 - m**3/6 - m**2 + 2*m + 248. Let f(t) = t**3 + 6*t**2 - t - 6. Let s be f(-6). Give l(s).
-2
Let x(z) = -14*z**2 + 20*z + 135 + 144 + 118 + 13*z**2 - 463. What is x(16)?
-2
Suppose 0 = -2*b + b - 11. Let v(s) = -11*s + 841. Let k(h) = 7*h - 525. Let y(x) = 8*k(x) + 5*v(x). What is y(b)?
-6
Let z(r) = -27*r**2 - r - 165*r**3 + 161*r**3 + 25*r**2. What is z(-1)?
3
Let z be 43 - ((-20)/(-30))/(6/27). Suppose 21*y - y = -z. Let c(h) = -h**3 - 2*h**2 - h - 1. Determine c(y).
1
Let k(j) = -j**2 - 17*j + 5. Suppose o = -2*c - 24, 0 = o - 89*c + 93*c + 34. What is k(o)?
47
Suppose 168*p - 26*p = 349 - 65. Let m(c) be the third derivative of 12*c - 1/120*c**6 - 1/4*c**4 - 2*c**p + 1/10*c**5 + 0 + 0*c**3. Give m(5).
-5
Let n(s) = -3*s - 4*s - 2 + 1. Let i be -1*3/12 - (-1050)/40. Suppose -3*h + i = 20. Calculate n(h).
-15
Let k(n) be the second derivative of -n**5/20 - n**4/2 + n**3/6 + 7*n**2/2 - 4*n + 66. What is k(-6)?
1
Suppose 0*g + 4*g + 40 = 12*g. Let f(s) = s - 26. Give f(g).
-21
Let m(k) = -k**2 - 7*k - 2. Let w = 48 - -113. Let t = 155 - w. Give m(t).
4
Suppose 53 = -2*q + 63, 0 = -3*g - 2*q + 34. Suppose -18 = 3*s - 2*j - g, 4*s = -4*j - 20. Let y(w) = -w**2 + 3*w + 10. Give y(s).
-18
Suppose -s = -5*j - 19, 7*j - 2*j = 5*s - 15. Let f(p) = -2218*p + 35*p**2 - 2234*p + 4452*p + 1. Give f(s).
36
Let j(g) = -2*g + 2102 - 4181 + 2103. Give j(17).
-10
Let t(g) = 0*g + g**3 - 3 - 1 + 0*g - 4*g**2 + 2*g. Suppose 12*z + 5*r = 17*z - 5, 13 = 3*z + 2*r. Calculate t(z).
-7
Let a(l) = l**3 + 6*l**2 - 6*l + 4. Suppose 13*f = -h + 15*f + 41, -3*f = 3*h - 159. Suppose 5*r + h = -3*d + 3, 0 = -5*d + r - 30. Give a(d).
-3
Let z be (0 + 2)*-10 - -2. Let r(g) = -13 - 2*g - 144621*g**2 + 144603*g**2 + g - g**3. Give r(z).
5
Let r(v) be the second derivative of -v**6/360 + 7*v**5/120 + v**4/6 - v**3/3 + 3*v**2 - 21*v. Let u(h) be the second derivative of r(h). Give u(8).
-4
Suppose -5*c = g - 14, 130*g - 125*g - 5*c + 50 = 0. Let z(o) = -9*o - 46. What is z(g)?
8
Suppose q = -2*c + 93, 3*q = 2*c - 95 + 22. Let w(u) = -21*u + 4 - c*u**2 - 28*u**2 + 73*u**2. Calculate w(21).
4
Let k(q) = q + 3*q + 25 - 96 + 26 + 33. What is k(4)?
4
Let w(m) = -m + 5. Let v(g) = -7*g**2 - 17*g + 20. Let l(u) = -6*u**2 - 16*u + 21. Let s(i) = -6*l(i) + 5*v(i). Let k = -96 + 83. Let j be s(k). Calculate w(j).
5
Let y(t) = 31*t - 19. Let p(v) = -147*v + 91. Let g(q) = 3*p(q) + 14*y(q). Determine g(1).
0
Let s = -1204 - -1208. Let j(h) = -2*h**3 + 3*h**2 + 6*h + 4. Determine j(s).
-52
Let i(a) be the first derivative of -4*a - 5/3*a**3 - 1/2*a**4 - 47 + a**2. Give i(-4).
36
Let u(n) = 75*n - 27 + n**3 + 64*n + 0*n**3 - 222*n + 80*n + 7*n**2. Give u(-7).
-6
Suppose 4*d + 4 = 0, 2*w - 3*d = 77 - 18. Let p(b) = -b**2 + 28*b + 4. What is p(w)?
4
Let z(o) be the third derivative of 0*o - 1/60*o**5 - 1/4*o**4 + 0 - 4*o**2 + 1/2*o**3. Let u = 116 - 121. Determine z(u).
8
Let q(k) be the first derivative of k**5/30 - k**4/24 - 82*k**3/3 - k - 97. Let n(s) be the third derivative of q(s). What is n(6)?
23
Let j(p) = -2*p**2 - 10*p. Let m be j(-5). Let a(t) be the third derivative of 0*t**5 + m*t - 1/6*t**3 - 17/120*t**6 - 1/24*t**4 + 0 - 16*t**2. Give a(-1).
17
Suppose -5*n - 5*w = -20, 7 = -4*w - 5. Let u = -5 + 11. Suppose -n*p + 36 = -u. Let h(a) = -a**2 + 4*a + 6. Determine h(p).
-6
Let u(o) be the second derivative of o**4 - o. Let x(j) = -657*j**2 - 3279*j + 29. Let c be x(-5). Determine u(c).
12
Let i(f) be the third derivative of -f**5/10 - 11*f**4/8 + 10*f**3/3 - 1036*f**2 - f. Give i(-6).
2
Let g(j) be the first derivative of -9*j**2 + 34*j + 3870. Calculate g(10).
-146
Suppose 4*p - 16 = 36*w - 32*w, 4*p + w + 9 = 0. Let g(u) = -25*u**3 + 3*u**2 + 3*u + 1. Determine g(p).
26
Let k(n) be the third derivative of -n**7/315 + n**6/720 + 59*n**5/30 - n**2 - 18*n. Let v(j) be the third derivative of k(j). What is v(1)?
-15
Suppose 352 = -102*b + 903 + 469. Let r(m) = -24*m + 228. Give r(b).
-12
Let v(o) = -1 + 9 - 35*o + 23*o + 11*o**2 + 8 - 10*o**2 + 0. Suppose -2*k = 3*k - 55. Determine v(k).
5
Let b(m) = 4*m**2 + m. Let c(w) = w**3 + 29*w**2 + 6*w - 3. Let i(p) = -7*b(p) + c(p). Let d = 3 - 5. Calculate i(d).
-5
Let c(o) = -o**2 - 2*o + 23. Let w be -2 + (0 - -3) + (-32)/(-8). Determine c(w).
-12
Let w = 789 - 1109. Let x = 325 + w. Let g(b) = -7*b - 4. Calculate g(x).
-39
Suppose -5*r = -s + 3, -12 = -5*s + 4*r + 3. Let t(g) = 5*g**2 - 17*g + 34. Let q(l) = 2*l**2 - 8*l + 15. Let x(i) = -9*q(i) + 4*t(i). Determine x(s).
31
Let f be 4/(-14) + 592/14. Suppose 0 = -2*h - 2*o + 64, -64*h + 68*h + o = 140. Let d = h - f. Let w(u) = -u - 4. Determine w(d).
2
Let i(r) = -89*r + 9. Let k(q) = -193*q + 17. Let m(n) = -13*i(n) + 6*k(n). Give m(-4).
-11
Let o(t) be the third derivative of -t**6/120 + 7*t**5/60 + t**4/12 + 7*t**3/3 - 2*t**2 - 63*t. Determine o(7).
28
Let p(z) = 5*z + 3. Let d be 126/(-14) + (1 - -5). Let c be (-4)/(-16) + (d - (-27)/(-12)). Give p(c).
-22
Let s be 12*(10/(-12) - -1). Let h(m) = -1364 + 682 + 684 + s*m. What is h(-6)?
-10
Let p(f) be the second derivative of -f**4/12 - f**3/3 + 1662*f. Give p(-2).
0
Let y(j) = -3*j**2 + 8*j + 16. Let z(x) = x**2 - 3*x - 6. Let l(f) = -3*y(f) - 8*z(f). Let m(h) = 6*h**2 - 2*h + 2. Let o(g) = -3*l(g) + m(g). Calculate o(2).
10
Let l(w) = w**3 + 19*w**2 + 90*w + 38. Let b be l(-7). Let c(s) be the third derivative of -s**5/60 - 5*s**4/24 + s**3/2 + 3*s**2. Determine c(b).
7
Let w be (2 - (-18)/(-4))*2. Let g(r) = -17*r**3 - 9*r**2 - 5*r - 6. Let x(b) = -30*b**3 - 17*b**2 - 10*b - 12. Let j(n) = 7*g(n) - 4*x(n). What is j(w)?
-19
Suppose 3 = 2*k - 41. Suppose -6*t - 10 = -k. Let f(h) = 0 + 3*h + h**2 - t + 3*h. Determine f(-3).
-11
Let f(n) = n + 3. Let b be f(-7). Let o(s) be the third derivative of s**5/60 - s**4/6 + s**3/6 - 748*s**2 + s. What is o(b)?
33
Let f(a) = -11*a**2 - 15*a + 11. Let u = -47 + 45. Let g(d) = 5*d**2 + 7*d - 5. Let t(y) = u*f(y) - 5*g(y). Let j = 126 + -130. Give t(j).
-25
Let g be 7/14 + (-3)/(-2). Let o(v) = 10 - v**3 - 27*v**g + 2*v**3 + v + 35*v**2. Give o(-8).
2
Suppose -6 = -15*j + 13*j. Suppose j*k + 0 + 20 = 5*g, -k = -4*g + 23. Let x(c) = 6*c**2 - 5*c**2 - 4*c + g*c + 1 + 4*c. Calculate x(-5).
-9
Suppose 2*n = 44 - 40. Suppose 2*x - n = 10. Let m(a) = -16*a - 12*a + 49*a - 4 - 14*a - a**2. Give m(x).
2
Let h(r) = r - 33. Let f = -3543 + 3558. Give h(f).
-18
Let s be 1*-6*25/20 + 2/4. Let f(l) = -7*l + 9. Give f(s).
58
Let c(i) = 126*i - 53. Let q(d) = 104*d - 54. Let m(k) = 5*c(k) - 6*q(k). Calculate m(-8).
11
Let t(c) = -c**3 + 10*c**2 - 11*c + 3. Let i = -4210 + 4219. Give t(i).
-15
Let x be (-9728)/(-57) - 4/6*-2. Let k = 171 - x. Let l(y) = 1 + 2*y**2 - 2 + y**3 + 5*y**3. Calculate l(k).
-5
Let x(j) be the second derivative of 1/2*j**3 - 1 - 13*j - 1/2*j**2. Determine x(4).
11
Suppose -3928*j = -3911*j + 102. Let m(u) = -u**3 - 10*u**2 - 27*u - 13. What is m(j)?
5
Let u(m) = -4*m**2 - 6 + 6*m**2 + m**3 - 3*m**2 + 7*m**2. Suppose -4*c + 13*c + 62 = 2*j, -3*j = c - 6. Give u(c).
-6
Suppose 5*z - 2*g - 96 - 1919 = 0, 2*z - 4*g = 822. Let d = -399 + z. Let u(m) = -6*m + 2. What is u(d)?
-10
Let q(w) = 13*w**2 + w - 1. Suppose 6 = -y + x + 42, 3*y + 4*x - 129 = 0. Suppose -306 = 42*r - y*r. Let a = r + 103. Give q(a).
13
Suppose 0 = -2*w + t + 16, -2*w + 3*t + 16 = 5*t. Let v(l) = l**2 - 8*l - 4. What is v(w)?
-4
Let b = -10 - -17. Let l(u) be the first derivative of u**3/3 - 9*u**2/2 + u + 4150. What is l(b)?
-13
Let i = -6 + 6. Suppose i = 4*a - 3*a. Let u(w) = -9*w - 5*w + 13*w + 9. Determine u(a).
9
Let w(i) = 3*i**2 - 3*i - 1. Let f(n) = -2286*n**2 + 0 + 1144*n**2 - 8*n + 1147*n**2 - 3. Let h(o) = -4*f(o) + 7*w(o). Determine h(-7).
-23
Let v(n) = -4*n**2 - 9*n - 15. Suppo